{"id":1537,"date":"2022-06-22T07:05:23","date_gmt":"2022-06-22T07:05:23","guid":{"rendered":"https:\/\/www.getmoss.com\/?page_id=1537"},"modified":"2025-04-01T15:49:39","modified_gmt":"2025-04-01T15:49:39","slug":"startseite","status":"publish","type":"page","link":"https:\/\/www.getmoss.com\/guide\/","title":{"rendered":"Startseite"},"content":{"rendered":"<div class=\"gb-container gb-container-513ff148\"><div class=\"gb-inside-container\">\n\n<h1 class=\"gb-headline gb-headline-cff3651a gb-headline-text\"><strong>Blog<\/strong><\/h1>\n\n\n<div class=\"gb-container gb-container-d05b0b85\"><div class=\"gb-inside-container\">\n\n<p class=\"has-text-align-center\">Mit unseren Ratgebertexten geben wir Unternehmen regelm\u00e4\u00dfig wertvolle Informationen zu verschiedenen Finanzthemen f\u00fcr 2025 an die Hand.<\/p>\n\n<\/div><\/div>\n<\/div><\/div>","protected":false},"excerpt":{"rendered":"<p>Blog Mit unseren Ratgebertexten geben wir Unternehmen regelm\u00e4\u00dfig wertvolle Informationen zu verschiedenen Finanzthemen f\u00fcr 2025 an die Hand.<\/p>\n","protected":false},"author":1,"featured_media":0,"parent":0,"menu_order":0,"comment_status":"closed","ping_status":"closed","template":"","meta":{"inline_featured_image":false,"footnotes":""},"categories":[],"tags":[],"class_list":["post-1537","page","type-page","status-publish"],"yoast_head":"<!-- This site is optimized with the Yoast SEO plugin v27.5 - https:\/\/yoast.com\/product\/yoast-seo-wordpress\/ -->\n<title>Artikel und Ratgebertexte | Moss<\/title>\n<meta name=\"description\" content=\"Hier findest Du ausf\u00fchrliche Ratgebertexte zu verschiedenen Themen aus den Bereichen: \u2714\ufe0f Buchhaltung \u2714\ufe0f Kreditkarten \u2714\ufe0f Rechnungsmanagement \u2714\ufe0f uvm.\" \/>\n<meta name=\"robots\" content=\"index, follow, max-snippet:-1, max-image-preview:large, max-video-preview:-1\" \/>\n<link rel=\"canonical\" href=\"https:\/\/www.getmoss.com\/guide\/\" \/>\n<meta property=\"og:locale\" content=\"de_DE\" \/>\n<meta property=\"og:type\" content=\"article\" \/>\n<meta property=\"og:title\" content=\"Artikel und Ratgebertexte | Moss\" \/>\n<meta property=\"og:description\" content=\"Hier findest Du ausf\u00fchrliche Ratgebertexte zu verschiedenen Themen aus den Bereichen: \u2714\ufe0f Buchhaltung \u2714\ufe0f Kreditkarten \u2714\ufe0f Rechnungsmanagement \u2714\ufe0f uvm.\" \/>\n<meta property=\"og:url\" content=\"https:\/\/www.getmoss.com\/guide\/\" \/>\n<meta property=\"og:site_name\" content=\"Moss\" \/>\n<meta property=\"article:modified_time\" content=\"2025-04-01T15:49:39+00:00\" \/>\n<meta name=\"twitter:card\" content=\"summary_large_image\" \/>\n<meta name=\"twitter:label1\" content=\"Gesch\u00e4tzte Lesezeit\" \/>\n\t<meta name=\"twitter:data1\" content=\"1\u00a0Minute\" \/>\n<script type=\"application\/ld+json\" class=\"yoast-schema-graph\">{\"@context\":\"https:\\\/\\\/schema.org\",\"@graph\":[{\"@type\":\"WebPage\",\"@id\":\"https:\\\/\\\/www.getmoss.com\\\/guide\\\/\",\"url\":\"https:\\\/\\\/www.getmoss.com\\\/guide\\\/\",\"name\":\"Artikel und Ratgebertexte | Moss\",\"isPartOf\":{\"@id\":\"https:\\\/\\\/www.getmoss.com\\\/guide\\\/#website\"},\"datePublished\":\"2022-06-22T07:05:23+00:00\",\"dateModified\":\"2025-04-01T15:49:39+00:00\",\"description\":\"Hier findest Du ausf\u00fchrliche Ratgebertexte zu verschiedenen Themen aus den Bereichen: \u2714\ufe0f Buchhaltung \u2714\ufe0f Kreditkarten \u2714\ufe0f Rechnungsmanagement \u2714\ufe0f uvm.\",\"breadcrumb\":{\"@id\":\"https:\\\/\\\/www.getmoss.com\\\/guide\\\/#breadcrumb\"},\"inLanguage\":\"de\",\"potentialAction\":[{\"@type\":\"ReadAction\",\"target\":[\"https:\\\/\\\/www.getmoss.com\\\/guide\\\/\"]}]},{\"@type\":\"BreadcrumbList\",\"@id\":\"https:\\\/\\\/www.getmoss.com\\\/guide\\\/#breadcrumb\",\"itemListElement\":[{\"@type\":\"ListItem\",\"position\":1,\"name\":\"Home\",\"item\":\"https:\\\/\\\/www.getmoss.com\\\/guide\\\/\"},{\"@type\":\"ListItem\",\"position\":2,\"name\":\"Startseite\"}]},{\"@type\":\"WebSite\",\"@id\":\"https:\\\/\\\/www.getmoss.com\\\/guide\\\/#website\",\"url\":\"https:\\\/\\\/www.getmoss.com\\\/guide\\\/\",\"name\":\"Moss\",\"description\":\"Just another WordPress site\",\"publisher\":{\"@id\":\"https:\\\/\\\/www.getmoss.com\\\/guide\\\/#organization\"},\"potentialAction\":[{\"@type\":\"SearchAction\",\"target\":{\"@type\":\"EntryPoint\",\"urlTemplate\":\"https:\\\/\\\/www.getmoss.com\\\/guide\\\/?s={search_term_string}\"},\"query-input\":{\"@type\":\"PropertyValueSpecification\",\"valueRequired\":true,\"valueName\":\"search_term_string\"}}],\"inLanguage\":\"de\"},{\"@type\":\"Organization\",\"@id\":\"https:\\\/\\\/www.getmoss.com\\\/guide\\\/#organization\",\"name\":\"Moss\",\"url\":\"https:\\\/\\\/www.getmoss.com\\\/guide\\\/\",\"logo\":{\"@type\":\"ImageObject\",\"inLanguage\":\"de\",\"@id\":\"https:\\\/\\\/www.getmoss.com\\\/guide\\\/#\\\/schema\\\/logo\\\/image\\\/\",\"url\":\"https:\\\/\\\/www.getmoss.com\\\/guide\\\/wp-content\\\/uploads\\\/2022\\\/07\\\/Moss-Blog-Logo-Black.svg\",\"contentUrl\":\"https:\\\/\\\/www.getmoss.com\\\/guide\\\/wp-content\\\/uploads\\\/2022\\\/07\\\/Moss-Blog-Logo-Black.svg\",\"width\":441,\"height\":85,\"caption\":\"Moss\"},\"image\":{\"@id\":\"https:\\\/\\\/www.getmoss.com\\\/guide\\\/#\\\/schema\\\/logo\\\/image\\\/\"}}]}<\/script>\n<!-- \/ Yoast SEO plugin. -->","yoast_head_json":{"title":"Artikel und Ratgebertexte | Moss","description":"Hier findest Du ausf\u00fchrliche Ratgebertexte zu verschiedenen Themen aus den Bereichen: \u2714\ufe0f Buchhaltung \u2714\ufe0f Kreditkarten \u2714\ufe0f Rechnungsmanagement \u2714\ufe0f uvm.","robots":{"index":"index","follow":"follow","max-snippet":"max-snippet:-1","max-image-preview":"max-image-preview:large","max-video-preview":"max-video-preview:-1"},"canonical":"https:\/\/www.getmoss.com\/guide\/","og_locale":"de_DE","og_type":"article","og_title":"Artikel und Ratgebertexte | Moss","og_description":"Hier findest Du ausf\u00fchrliche Ratgebertexte zu verschiedenen Themen aus den Bereichen: \u2714\ufe0f Buchhaltung \u2714\ufe0f Kreditkarten \u2714\ufe0f Rechnungsmanagement \u2714\ufe0f uvm.","og_url":"https:\/\/www.getmoss.com\/guide\/","og_site_name":"Moss","article_modified_time":"2025-04-01T15:49:39+00:00","twitter_card":"summary_large_image","twitter_misc":{"Gesch\u00e4tzte Lesezeit":"1\u00a0Minute"},"schema":{"@context":"https:\/\/schema.org","@graph":[{"@type":"WebPage","@id":"https:\/\/www.getmoss.com\/guide\/","url":"https:\/\/www.getmoss.com\/guide\/","name":"Artikel und Ratgebertexte | Moss","isPartOf":{"@id":"https:\/\/www.getmoss.com\/guide\/#website"},"datePublished":"2022-06-22T07:05:23+00:00","dateModified":"2025-04-01T15:49:39+00:00","description":"Hier findest Du ausf\u00fchrliche Ratgebertexte zu verschiedenen Themen aus den Bereichen: \u2714\ufe0f Buchhaltung \u2714\ufe0f Kreditkarten \u2714\ufe0f Rechnungsmanagement \u2714\ufe0f uvm.","breadcrumb":{"@id":"https:\/\/www.getmoss.com\/guide\/#breadcrumb"},"inLanguage":"de","potentialAction":[{"@type":"ReadAction","target":["https:\/\/www.getmoss.com\/guide\/"]}]},{"@type":"BreadcrumbList","@id":"https:\/\/www.getmoss.com\/guide\/#breadcrumb","itemListElement":[{"@type":"ListItem","position":1,"name":"Home","item":"https:\/\/www.getmoss.com\/guide\/"},{"@type":"ListItem","position":2,"name":"Startseite"}]},{"@type":"WebSite","@id":"https:\/\/www.getmoss.com\/guide\/#website","url":"https:\/\/www.getmoss.com\/guide\/","name":"Moss","description":"Just another WordPress site","publisher":{"@id":"https:\/\/www.getmoss.com\/guide\/#organization"},"potentialAction":[{"@type":"SearchAction","target":{"@type":"EntryPoint","urlTemplate":"https:\/\/www.getmoss.com\/guide\/?s={search_term_string}"},"query-input":{"@type":"PropertyValueSpecification","valueRequired":true,"valueName":"search_term_string"}}],"inLanguage":"de"},{"@type":"Organization","@id":"https:\/\/www.getmoss.com\/guide\/#organization","name":"Moss","url":"https:\/\/www.getmoss.com\/guide\/","logo":{"@type":"ImageObject","inLanguage":"de","@id":"https:\/\/www.getmoss.com\/guide\/#\/schema\/logo\/image\/","url":"https:\/\/www.getmoss.com\/guide\/wp-content\/uploads\/2022\/07\/Moss-Blog-Logo-Black.svg","contentUrl":"https:\/\/www.getmoss.com\/guide\/wp-content\/uploads\/2022\/07\/Moss-Blog-Logo-Black.svg","width":441,"height":85,"caption":"Moss"},"image":{"@id":"https:\/\/www.getmoss.com\/guide\/#\/schema\/logo\/image\/"}}]}},"_links":{"self":[{"href":"https:\/\/www.getmoss.com\/guide\/wp-json\/wp\/v2\/pages\/1537","targetHints":{"allow":["GET"]}}],"collection":[{"href":"https:\/\/www.getmoss.com\/guide\/wp-json\/wp\/v2\/pages"}],"about":[{"href":"https:\/\/www.getmoss.com\/guide\/wp-json\/wp\/v2\/types\/page"}],"author":[{"embeddable":true,"href":"https:\/\/www.getmoss.com\/guide\/wp-json\/wp\/v2\/users\/1"}],"replies":[{"embeddable":true,"href":"https:\/\/www.getmoss.com\/guide\/wp-json\/wp\/v2\/comments?post=1537"}],"version-history":[{"count":19,"href":"https:\/\/www.getmoss.com\/guide\/wp-json\/wp\/v2\/pages\/1537\/revisions"}],"predecessor-version":[{"id":12391,"href":"https:\/\/www.getmoss.com\/guide\/wp-json\/wp\/v2\/pages\/1537\/revisions\/12391"}],"wp:attachment":[{"href":"https:\/\/www.getmoss.com\/guide\/wp-json\/wp\/v2\/media?parent=1537"}],"wp:term":[{"taxonomy":"category","embeddable":true,"href":"https:\/\/www.getmoss.com\/guide\/wp-json\/wp\/v2\/categories?post=1537"},{"taxonomy":"post_tag","embeddable":true,"href":"https:\/\/www.getmoss.com\/guide\/wp-json\/wp\/v2\/tags?post=1537"}],"curies":[{"name":"wp","href":"https:\/\/api.w.org\/{rel}","templated":true}]}}